9)).
33
Calculate (-6 - -17) + -35 - (4 + -15).
-13
What is the value of 33 - 30 - (21 - (5 + -1))?
-14
What is 9 - ((3 - 0) + -1) - 1?
6
11 + -6 - (9 + -5)
1
Evaluate -22 - (-4 + -8 + (-6 - 0) + 11).
-15
Evaluate -44 + 44 + -34 + 28.
-6
Evaluate -4 + -4 + 5 + (46 - 30) - -1.
14
What is 0 - -15 - (263 - 235)?
-13
Evaluate (-3 + 3 - (9 + 4 + -10)) + 8.
5
Calculate -1 - -2 - (2 - (3 - -4)) - -7.
13
What is the value of (-9 - -21) + -4 - 16?
-8
What is 10 + (1 - 4) + -1 - (-44 + 43)?
7
What is -9 + 10 - (0 + (5 - -2))?
-6
What is the value of 0 - 3 - (-27 - (10 + (-21 - -11)))?
24
-22 - (-3 - (6 - (7 + -10 + 6)))
-16
What is the value of 11 + 4 + -3 + -3 + 5 + -6?
8
-26 - (-13 + 14 + -17)
-10
Evaluate -42 + 4 + -34 + 101.
29
What is ((-23 - (-2 + -7)) + 2 - -1) + 4?
-7
(2 + -14 - (-8 - (-5 + 2))) + -2
-9
Calculate (1 - 5) + 2 - (13 - 6 - 1).
-8
Calculate -23 + 23 - (-1 + 0 + (-3 - 3)).
7
Evaluate (11 - (10 + -2)) + -14 - -4.
-7
Evaluate -24 + 54 + -3 + -18.
9
-215 + 234 - (-2 + (34 - -3))
-16
Calculate -15 + (-11 - -20) - (1 + -7).
0
What is 1 - 1 - -2 - (1312 - 1289)?
-21
What is -23 - 12 - -12 - (14 - (9 - 1))?
-29
What is 0 + -13 + 19 + 0 + -32 - -6?
-20
What is -21 + 27 + 10 - (6 - 0)?
10
Calculate 8 - (-19 - (-13 - -15 - 14)).
15
What is the value of -1 + -35 + 34 - (0 - (-11 - 1))?
-14
Evaluate -2 - -18 - (10 - (6 + -7)).
5
Evaluate (-25 - -29 - (7 + -4 - -6)) + 12.
7
Calculate 0 + 10 + -9 + -1.
0
What is the value of 16 + -20 - -12 - 3?
5
Calculate 13 + -6 + -8 + 0 + 2 - 2.
-1
What is (-41 - -42) + (15 - -3 - 3)?
16
What is 2 - -16 - 19 - 9?
-10
Calculate (-6 + 45 + -17 - (-1 - 4)) + -4.
23
Calculate 13 - 7 - (1 - 1) - 15.
-9
39 - (2 - (1 + 0)) - (-9745 + 9744)
39
25 - 19 - (-2 + -12)
20
What is the value of -11 + -16 + 0 + 11?
-16
Calculate -2 + (-20 - -6 - -3) + -2.
-15
Evaluate -41 - (-62 - -31 - 29).
19
Calculate (6 - (4 + -27)) + -9 + -7.
13
Calculate -17 + 20 + (-5 - (-9 + 3)) + -18.
-14
(2 - -23) + 297 + -322
0
What is 19 - (0 + 8 + 7)?
4
What is (188 - 198) + 12 + 1?
3
-1 + 4 + (-14 - (-30 + 15)) + 0
4
What is the value of -4 + (2 - (14 + -40) - 8)?
16
What is 12 - (27 - 19) - (-2 + (6 - 1))?
1
Calculate (14 - (10 + -12)) + -2.
14
What is the value of -4 + -1 + (14 - 1) + -14?
-6
-156 - -148 - (1 - (1 - 2))
-10
Evaluate (0 - (12 - 16)) + -19.
-15
What is 12 + (-19 - -14) - (-7 - (2 - 4))?
12
Evaluate (-2 + 6 + -3 - 3 - 6) + 26.
18
28 + -21 + (-25 - (0 + 0 + -2))
-16
Evaluate -1 - (-8 + (1 - -11)) - (-5 + 11).
-11
Calculate (19 + -11 - -6) + -11.
3
Calculate -7 + -2 + -2 + (8 - 3) + 3.
-3
What is the value of 1 - (7 + (-1 - 0 - (3 - 3)))?
-5
What is the value of 3 - 14 - (-15 + -2 - (58 + -31))?
33
Evaluate 9 + (-16 - -1) + (-1 - -12) + 0.
5
Calculate -2 + (8 + -11 - 1) - -12.
6
(7 - -3) + (13 - 11) - (4 - -1)
7
What is the value of -596 + 613 - (-2 - -7)?
12
What is the value of (5 - (36 - (14 + -12))) + 8?
-21
Calculate (0 - -12) + -483 + 510.
39
What is the value of 10 - (-9 - (1 + -1))?
19
Evaluate 5 - (-3 + -4) - (20 - 1).
-7
Calculate -1 - (-4 + -8 + (10 - -3) + 3).
-5
What is the value of 28 - (19 + 2) - 20?
-13
What is 11 + (-6 + 6 - 6)?
5
Calculate 4 + -5 + 7 + 1.
7
0 + -7 + (-2 - (0 + -2)) + -3
-10
Evaluate -6 + 6 + -5 - (78 - 78).
-5
-4 + -8 - (-13 + (12 - -3))
-14
Calculate (-24 - (-5 - 14) - -1) + (-4 - 1).
-9
What is 1 - (15 + -16 + (2 - -6)) - -2?
-4
Evaluate -38 + 34 + (-4 - (2 + -17)).
7
What is -11 + (-14 - (-18 - -5))?
-12
What is the value of 2 - (1 + 10 + (-9 - -4))?
-4
Evaluate -3 + 3 - (-11 - -7) - (1 - -1).
2
What is the value of -4340 + 4350 + -2 + (-2 - -2 - -1)?
9
Evaluate (13 - 1) + ((-4 - -5) + -5 - -9).
17
Calculate 0 + -16 - (-17 + -10 + (9 - -11)).
-9
Calculate (-7 + 0 - (1 + (10 - 9))) + -12.
-21
What is (7 + 2 - -21) + 3?
33
-18 + 20 + 7 + -1
8
Calculate (-7 - -3) + 2 + -6 - (34 + -28).
-14
Evaluate (-14 - -31) + (-4 - 14).
-1
(7 - ((3 - (9 + 0)) + 8)) + -1
4
-13 + 56 + -23 - -2
22
What is the value of -7 - (-10 - 0) - (-4 + 6 - 8)?
9
Calculate (11 + -16 - (-5 + -2)) + 10.
12
Calculate 30 + -33 - (0 - (0 + 6)) - -2.
5
What is (-29 - -2) + -750 + 778?
1
What is -16 + (14 - 7) + 14?
5
-7 - -2 - (-1 + -1 - 4) - -7
8
Evaluate -40 - ((-44 - -25) + 10).
-31
Calculate 1 - (2 + (5 - 4)) - (28 - 51).
21
Evaluate 3 + 6 + (-71 - -93).
31
-6 + 13 + -2 - 10
-5
What is the value of (3 - -2) + 5 + (12 - 12)?
10
3 + (44 + -50 - (1 - 3)) + -3
-4
(-3 - 4 - (-11 - (2 + -13))) + -7
-14
Calculate (-11 - -10) + (69 - 87).
-19
Evaluate 1 - 9 - -13 - 7.
-2
Calculate (11 + 18 - 13) + -26.
-10
Evaluate -18 - (18 + -13) - (-4 + 9).
-28
What is the value of 205 - 191 - ((-4 - -30) + 4)?
-16
What is the value of -7 + -19 - (-3 + (1 - (5 + -9)))?
-28
What is (2 - 23) + 3 - (-1479 + 1437)?
24
What is (-16 - -26) + (23 - 7)?
26
What is -4 + -2 - (33 + 1 + -18)?
-22
Calculate 6 - (-9 - (-41 + 23)).
-3
Calculate 1 + 0 - (37 - 37).
1
What is 589 - 595 - (1 - (-1 + 1) - 2)?
-5
Calculate (21 - (-2 + (16 - 14))) + -15.
6
What is 4 + 21 + -23 + -13?
-11
7 - -1 - (96 + -45 + -32)
-11
What is the value of -198 - -161 - (1 - 17 - -2 - -3)?
-26
Calculate 9 - 16 - -13 - 3.
3
What is (109 - 103) + (-1 - 2 - 1) + -3?
-1
Evaluate (27 + -4 - 7) + -11 + 8.
13
Calculate (129 - 131) + (-20 - 2) + 4.
-20
-3 - -2 - (-11 + (9 - 2))
3
19 + 3 - (-8 - (-12 - 5))
13
What is the value of -50 + 49 + (-4 - -1) - -7?
3
What is the value of -5 - -11 - (-2 - 2 - -22)?
-12
What is the value of -4 - 10 - (-37 - -38)?
-15
Evaluate 6 + -12 + -1 - -12 - (-2 + 16).
-9
Evaluate 2 + -9 + 2 - (28 + 2) - -5.
-30
What is the value of 0 - -30 - (2 + 1 - (4 - 9))?
22
Evaluate 15 + (10 + -11 - 27).
-13
Evaluate (0 - (-11 + 20 - 17)) + 0.
8
What is (0 - 9) + (-1 + 2 - (5 + -8))?
-5
Calculate 10 + (16 - 39) + 2.
-11
Evaluate (-3 - ((-8 - -7) + 13)) + 4.
-11
What is 1 + 1 + (8 - -6 - 20)?
-4
10 + (-7 - -2) - -2 - 6
1
-21 + (-7 - -29) - (2 - (0 + 1))
0
Evaluate (9 - -1) + (9 - (2 - (5 + -14))).
8
-14 - (-1 + 10 - (100 + -93))
-16
(0 - -10) + -5 + 1 - (0 - -9)
-3
What is the value of 5 - 3 - (-11 + 20)?
-7
Calculate (-1 - (6 - 16)) + -3 + 3 + 3.
12
What is the value of 30 - (14 + -5 + (10 + -5 - 9))?
25
-10 + 6 + -5 - (-13 + 15)
-11
4 - (2 + -13 - -14)
1
What is the value of 685 + -652 + 1 + -53?
-19
What is the value of (0 - 0 - -12) + (-601 - -592) - 25?
-22
Calculate -101 + 107 + (0 - -5).
11
Evaluate -26 + 2 - -7 - (2 + 2 + -5).
-16
What is -21 + -28 + 66 + -7 + (-1 - -1)?
10
What is the value of (17 - (-22 - -6)) + -45?
-12
Calculate 18 - -8 - (-8 + 22).
12
What is the value of 2 - (0 + (-7 - 1) + -4)?
14
What is the value of (3 + 2 - (-25 + 22)) + 6 + -2?
12
What is the value of (1 - 23) + -74 + 87?
-9
-20 + (-16 - -52) - 3
13
What is the value of (32 - (6 - 5)) + (33 - 38)?
26
Calculate 2 - (-5 + 8 + 4 + -5) - -2.
2
3 + 10 - (-24 - -30)
7
What is (-1 - 0 - -1 - (-51 - -47)) + -6?
-2
Calculate -13 + -9 - (-18 + 16).
-20
Evaluate -3 + 4 - 2 - (-11 - (-6 - -5)).
9
13 + (15 + 12 - 22)
18
Calculate -2 - ((9 - 3) + -12 - -11).
-7
Calculate 24 + (-3 - -8) + -12.
17
Calculate (-1 + -5 + -37 - -13) + 2.
-28
-1 + 3 + 19 - (-7 + 15 + -7)
20
What is (-3 - 3) + (63 - 45)?
12
Evaluate -28 + -35 + -27 + 66.
-24
What is (8 - (-43 + 37)) + (-1 - 31)?
-18
Evaluate -2 + -23 - (16 + -9 + -21).
-11
Calculate (1 - (-8 + 5)) + 1 + -4.
1
What is the value of 1 + 1 + 0 + -3 - (-5 - 6)?
10
What is the value of (19 - 20) + (1 - 6) - 5?
-11
What is 19 + -15 + (13 - 25)?
-8
Calculate -3 + (10 - ((4 - 8) + 24)).
-13
What is the value of 0 + (-7 - -7 - 0 - (5 + 1))?
-6
What is (34 - (22 - -1)) + 8?
19
1 - 5 - (5 + (8 - 9) + -8)
0
What is the value of (-11 - 9) + (-2 - -8 - (-5 - -6))?
-15
What is the value of (-33 - -38) + -4 + 14?
15
Calculate -6 + 14 - 19 - -4.
-7
What is (-2 + 10 - 1) + (5 - 4) + 2?
10
What is the value of 29 + -3 + (31 - 35)?
22
What is 16 - (-4 - (8 - (21 + -2)))?
9
Evaluate 18 - (-2 - -2) - (-224 + 225).
17
Calculate (-1 + 9 - -7 - 8) + (-16 - 1).
-10
-181 + 182 - (1 - -9)
-9
Calculate 9 + -12 - 11 - (2 + -5).
-11
What is 29 + 1 + -2 - (2 - 35 - -39)?
22
(-3 - (2 + -6)) + 2 + 6 + 5
14
36 - (18 - 29 - -18)
29
Evaluate -12 - (-42 + 10 + -4 - 0).
24
What is the value of -768 - -779 - (37 + 1)?
-27
What is -8 + 10 - -10 - 13?
-1
Calculate (-9 + -4 - -5) + 16 + -4.
4
What is 830 + 